e
Does 27 divide 3942?
True
Is 9486 a multiple of 51?
True
Does 67 divide 1608?
True
Is 29520 a multiple of 59?
False
Is 68523 a multiple of 7?
True
Is 4 a factor of 53?
False
Does 15 divide 308?
False
Does 17 divide 7915?
False
Does 71 divide 992?
False
Is 120 a factor of 14890?
False
Is 8036 a multiple of 3?
False
Is 1736 a multiple of 62?
True
Is 26 a factor of 529?
False
Does 62 divide 28272?
True
Is 2924 a multiple of 16?
False
Is 9 a factor of 1888?
False
Is 315 a multiple of 15?
True
Is 91 a multiple of 5?
False
Does 4 divide 1802?
False
Is 624 a multiple of 12?
True
Is 61 a multiple of 9?
False
Does 6 divide 37?
False
Is 11 a factor of 7920?
True
Is 394 a multiple of 2?
True
Is 825 a multiple of 11?
True
Is 52 a factor of 4985?
False
Does 6 divide 342?
True
Is 2398 a multiple of 11?
True
Does 105 divide 6090?
True
Is 115 a factor of 6900?
True
Is 2 a factor of 490?
True
Is 208824 a multiple of 15?
False
Does 16 divide 2093?
False
Does 8 divide 288?
True
Is 31176 a multiple of 36?
True
Does 39 divide 26208?
True
Is 56 a factor of 11553?
False
Is 14 a factor of 608?
False
Does 19 divide 6105?
False
Does 3 divide 3393?
True
Does 51 divide 27224?
False
Is 3924 a multiple of 9?
True
Is 206 a multiple of 33?
False
Is 21 a factor of 924?
True
Does 4 divide 232?
True
Does 11 divide 166?
False
Is 26 a factor of 37?
False
Is 11 a factor of 522?
False
Is 13 a factor of 21164?
True
Does 85 divide 12395?
False
Does 12 divide 49?
False
Is 39 a factor of 1040?
False
Does 20 divide 34840?
True
Is 19 a factor of 235?
False
Is 40 a factor of 376?
False
Does 97 divide 1037?
False
Is 100 a factor of 6300?
True
Does 19 divide 4378?
False
Is 1129 a multiple of 9?
False
Is 55 a factor of 715?
True
Does 71 divide 25844?
True
Is 1263 even?
False
Is 42 a factor of 588?
True
Is 264 a factor of 85491?
False
Is 13 a factor of 65?
True
Is 1131 a multiple of 51?
False
Is 58 a factor of 1077?
False
Is 15 a factor of 2470?
False
Is 2 a factor of 47?
False
Is 38608 a multiple of 127?
True
Does 18 divide 62039?
False
Is 140 a multiple of 28?
True
Is 12 a factor of 1812?
True
Is 94 a factor of 308?
False
Is 94 a factor of 858?
False
Does 45 divide 2790?
True
Does 4 divide 255?
False
Is 2 a factor of 44?
True
Does 39 divide 1404?
True
Is 93 a factor of 32156?
False
Is 39 a factor of 14575?
False
Is 10880 a multiple of 272?
True
Does 2 divide 171?
False
Is 4 a factor of 83?
False
Does 51 divide 1916?
False
Is 19 a factor of 48222?
True
Does 18 divide 5292?
True
Does 8 divide 510?
False
Is 51 a multiple of 3?
True
Is 101 a factor of 3838?
True
Is 74191 a multiple of 10?
False
Does 131 divide 7336?
True
Is 1655 a multiple of 13?
False
Is 9 a factor of 660?
False
Does 79 divide 1329?
False
Does 74 divide 56388?
True
Is 35 a factor of 3680?
False
Is 38 a factor of 16150?
True
Is 38 a factor of 31198?
True
Does 2 divide 39?
False
Is 9 a factor of 13979?
False
Does 26 divide 198?
False
Is 520 a multiple of 11?
False
Does 6 divide 5592?
True
Is 445 a multiple of 11?
False
Does 24 divide 2183?
False
Is 72 a multiple of 3?
True
Does 57 divide 1254?
True
Does 28 divide 2911?
False
Is 53 a factor of 59042?
True
Does 77 divide 40964?
True
Is 5453 a multiple of 23?
False
Does 54 divide 938?
False
Is 43160 a multiple of 166?
True
Is 5709 a multiple of 33?
True
Is 97 a factor of 471?
False
Is 360 a factor of 40960?
False
Is 1850 a multiple of 37?
True
Is 40 a factor of 49800?
True
Does 27 divide 11185?
False
Is 57 a factor of 22121?
False
Does 22 divide 550?
True
Is 9696 a multiple of 24?
True
Does 4 divide 231?
False
Is 4832 a multiple of 8?
True
Is 6 a factor of 4044?
True
Is 47 a factor of 24957?
True
Is 38 a factor of 418?
True
Is 1503 a multiple of 28?
False
Is 9905 a multiple of 25?
False
Is 43 a factor of 2635?
False
Does 82 divide 378?
False
Does 155 divide 37975?
True
Does 2 divide 1617?
False
Does 38 divide 7904?
True
Is 1250 a multiple of 105?
False
Is 84 a factor of 4991?
False
Is 9 a factor of 1728?
True
Does 70 divide 2380?
True
Does 14 divide 522?
False
Does 3 divide 213?
True
Does 52 divide 9412?
True
Is 20 a factor of 2700?
True
Is 174 even?
True
Is 4 a factor of 54?
False
Is 636 a multiple of 14?
False
Is 11238 a multiple of 64?
False
Is 3528 a multiple of 147?
True
Is 171 a factor of 38304?
True
Is 66 a factor of 2442?
True
Is 1554 a multiple of 10?
False
Does 67 divide 8710?
True
Is 2 a factor of 92?
True
Is 24 a factor of 2856?
True
Is 13667 a multiple of 10?
False
Is 8376 a multiple of 2?
True
Is 173 a factor of 11245?
True
Is 262 a multiple of 2?
True
Is 25 a factor of 15378?
False
Is 11 a factor of 2319?
False
Is 139 a factor of 36974?
True
Is 52 a factor of 208?
True
Is 2700 a multiple of 9?
True
Is 240 a multiple of 16?
True
Does 66 divide 7316?
False
Does 87 divide 1428?
False
Does 188 divide 29328?
True
Is 32078 a multiple of 43?
True
Does 50 divide 37800?
True
Is 17 a factor of 258?
False
Is 27 a factor of 378?
True
Does 28 divide 10601?
False
Is 19897 a multiple of 27?
False
Is 1054 a multiple of 21?
False
Is 1548 a multiple of 43?
True
Is 5487 a multiple of 63?
False
Is 28 a factor of 784?
True
Does 84 divide 34885?
False
Is 8 a factor of 96?
True
Is 51 a factor of 9998?
False
Is 53 a factor of 538?
False
Is 408 a multiple of 12?
True
Is 137 a factor of 6713?
True
Is 146 a factor of 16105?
False
Does 29 divide 115?
False
Is 385 a multiple of 11?
True
Is 9 a factor of 2390?
False
Does 22 divide 21473?
False
Is 31488 a multiple of 240?
False
Is 10795 a multiple of 85?
True
Is 26397 a multiple of 80?
False
Is 119 a factor of 42449?
False
Is 121 a factor of 11132?
True
Is 259 a multiple of 19?
False
Is 3768 a multiple of 24?
True
Is 15 a factor of 420?
True
Does 117 divide 4680?
True
Is 34 a factor of 3894?
False
Is 222 a factor of 15270?
False
Is 2793 a multiple of 57?
True
Is 4752 a multiple of 12?
True
Is 6 a factor of 4824?
True
Is 216 a factor of 19326?
False
Is 12 a factor of 7776?
True
Is 3 a factor of 372?
True
Does 19 divide 779?
True
Is 6 a factor of 21960?
True
Is 37800 a multiple of 28?
True
Does 22 divide 948?
False
Is 9 a factor of 17478?
True
Does 39 divide 3142?
False
Is 19 a factor of 456?
True
Is 25099 a multiple of 19?
True
Is 3747 a multiple of 33?
False
Is 72 a factor of 648?
True
Is 8 a factor of 1552?
True
Is 103477 a multiple of 77?
False
Is 119 a factor of 1428?
True
Does 7 divide 62?
False
Is 1718 a multiple of 72?
False
Is 264 a multiple of 24?
True
Is 8 a factor of 2504?
True
Does 13 divide 3068?
True
Is 36576 a multiple of 127?
True
Is 48 a multiple of 6?
True
Does 37 divide 15170?
True
Is 7113 a multiple of 11?
False
Does 16 divide 1232?
True
Does 9 divide 15165?
True
Is 4 a factor of 4100?
True
Is 43 a factor of 2838?
True
Is 4449 a multiple of 3?
True
Does 172 divide 27864?
True
Is 22280 a multiple of 48?
False
Is 966 a multiple of 46?
True
Does 137 divide 17257?
False
Is 53 a factor of 106?
True
Does 33 divide 302?
False
Does 38 divide 646?
True
Is 44 a factor of 9186?
False
Is 2342 a multiple of 22?
False
Is 16 a factor of 20320?
True
Is 62 a factor of 15624?
True
Is 184 a multiple of 2?
True
Does 7 divide 16977?
False
Does 31 divide 1705?
True
Is 84 a factor of 3718?
False
Is 637 a multiple of 14?
False
Is 420 a multiple of 20?
True
Does 36 divide 310?
False
Is 175 a multiple of 9?
False
Is 350 a multiple of 4?
False
Does 19 divide 838?
False
Does 95 divide 3705?
True
Is 4810 a multiple of 5?
True
Does 67 divide 8961?
False
Is 16 a factor of 197?
False
Does 6 divide 1314?
True
Does 17 divide 95310?
False
Is 60 a factor of 4385?
False
Is 26496 a multiple of 6?
True
Does 88 divide 2122?
False
Is 1490 a multiple of 46?
False
Is 15 a factor of 90051?
False
Is 1161 a multiple of 8?
False
Is 10296 a multiple of 18?
True
Is 108 a multiple of 12?
True
Does 198 divide 16038?
True
Does 17 divide 12766?
False
Is 119840 a multiple of 14?
True
Is 135 a multiple of 3?
True
Is 7101 a multiple of 27?
True
Is 47 a factor of 13654?
False
Is 9 a factor of 558?
True
Does 8 divide 770?
False
Is 15 a factor of 813?
False
Does 13 divide 201684?
False
Does 91 divide 120?
False
Is 25 a factor of 100?
True
Is 90 a factor of 1440?
True
Does 243 divide 23734?
False
Is 74 a factor of 56092?
True
Does 96 divide 79776?
True
Is 3760 a multiple of 5?
Tru